the highest common factor of u and z.
9
Let i(u) = u**2 + 3*u + 12. Let m be i(-7). Calculate the greatest common divisor of 16 and m.
8
Let w = -69 - -79. Let c(v) = 7*v + 1. Let n be c(2). Calculate the greatest common divisor of n and w.
5
Let q be (2/(-4))/((-9)/54). Suppose -q*c + 0 - 6 = 0, 0 = -5*i + 2*c + 324. Let m = -10 + 18. What is the greatest common factor of m and i?
8
Let q be 4 + -2 - 4/(-4)*37. Calculate the greatest common factor of 39 and q.
39
Let l = -13 + 25. What is the highest common divisor of l and 8?
4
Let k be 34/((7 - 4) + -1). Calculate the highest common factor of 153 and k.
17
Let z(o) = o**3 - 12*o**2 - 11*o + 5. Let v be z(14). Calculate the greatest common divisor of 27 and v.
27
Suppose 5*d - 60 = 1590. Suppose 3*r - d = -0*r. Calculate the highest common factor of 10 and r.
10
Let a(s) = 64*s**2 + 2*s - 1. Let b be a(1). Suppose t = -2*t + 12. Suppose 3*n = -n + t*j + 40, -2*j + 32 = 2*n. What is the highest common factor of b and n?
13
Suppose -2*p = 5*y - 3*p - 92, 0 = 3*y - 2*p - 51. Suppose 4*o - 8*o + 836 = 0. What is the greatest common factor of o and y?
19
Let t be (6/(-8))/(11/(-968)). Let o be (-2)/((-3)/(t/4)). What is the greatest common divisor of 1 and o?
1
Suppose f - 26 = -11. Suppose -2*d = 2*d - 540. Calculate the greatest common divisor of f and d.
15
Suppose -5*q - 14 = u + 3*u, 0 = 2*q - u + 3. Let r = 2 - q. Let w be r/6 + (-31)/(-3). Calculate the highest common divisor of w and 44.
11
Let l(t) = 3*t + t**2 - 3*t - 2*t**2 + 3 + t. Let j be l(0). Let o(w) = -w**3 - 2*w**2 - 2*w - 3. Let s be o(-3). What is the greatest common factor of j and s?
3
Let v(u) = -u**3 - 7*u**2 - u + 2. Let a be v(-7). What is the highest common divisor of 81 and a?
9
Let y be (-69)/(-6) - 2/(-4). Let r = 22 - y. Let i = 314 + -204. What is the highest common factor of r and i?
10
Let f = 26 - 15. Suppose 244 = 3*i + 4*j, 3*i + 191 = 5*i - 3*j. Calculate the highest common divisor of f and i.
11
Let h = -1 - 2. Let w be 8 - h/(6/(-4)). Suppose 5 = s - w. Calculate the highest common divisor of 88 and s.
11
Let l = 7 + -4. Suppose -l*s + 5*s = -1614. Let h be (-2)/(-12) - s/18. Calculate the greatest common divisor of h and 5.
5
Let o(f) = -f**3 + 9*f**2 + 15*f - 25. Let l be o(10). Calculate the highest common factor of l and 25.
25
Suppose 0 = -r + 5, 2*h - 71 = r + 34. Let w = 124 - 70. Suppose 5*d - w - 1 = 0. What is the greatest common divisor of d and h?
11
Let a be (-3 + 33)/1 + -2. What is the greatest common factor of 7 and a?
7
Let n = -6 + 5. Let a(r) = -14*r**3 - 1. Let l be a(n). Suppose 4*s = -4*h + 560, -2*s - 9 = s. Calculate the greatest common factor of h and l.
13
Let r = 6 + 8. Let y = -41 + 60. Let s = y + -12. What is the greatest common factor of r and s?
7
Let o be 6/(-3) + 8*2. What is the highest common divisor of 56 and o?
14
Suppose 3*t = 4*t - 5. Suppose -20 = -t*k + c, -k + 2*c + 2*c = -23. Suppose 0 = 7*f - k*f - 16. What is the greatest common factor of f and 36?
4
Let m(c) = 5*c + 11. Let d be m(2). What is the greatest common factor of 7 and d?
7
Let n(a) = a**2 - 4*a - 2. Suppose -c + 1 = 4. Let w be 3 - (c + -3 - -3). Let u be n(w). What is the highest common divisor of 80 and u?
10
Let b be (-6 - -1)*(-13)/(91/70). Let w be (1/1)/((-2)/(-40)). Calculate the greatest common factor of w and b.
10
Let l(d) = 7*d**2 + 20*d + 32. Let c be l(-8). Calculate the greatest common divisor of c and 20.
20
Let h = -46 + 106. Suppose -h = -u - 3*u. What is the greatest common factor of u and 5?
5
Suppose 65 = 4*w + 17. Suppose 0*v + 2 = -j + v, j - 4*v + 17 = 0. Suppose 3*a - j*t + t = 278, 5*t = 25. Calculate the greatest common factor of w and a.
12
Let g = 19 + 3. Let j = 424 - 182. Calculate the greatest common factor of j and g.
22
Let z(h) = 4*h. Let d = 11 + -8. Let m be z(d). Calculate the highest common divisor of 12 and m.
12
Let x(b) = 17*b**2 + b - 2. Let k be x(3). Let v be -5*(0 - 168/20). Suppose 0 = -10*i + 7*i + v. What is the highest common factor of i and k?
14
Suppose 0 = -5*z + 12 + 43. Let m = 72 - 50. Calculate the greatest common divisor of z and m.
11
Let n(r) = 2*r**2 - 9*r + 4. Let k be n(4). Suppose -x + 2*x - 27 = k. What is the greatest common divisor of x and 9?
9
Let h = -179 + 123. Let v = h + 146. Calculate the greatest common factor of v and 60.
30
Let n = 17 + -12. Let h(i) = -i**3 + 7*i**2 - 6*i + 6. Let u be h(n). What is the greatest common divisor of 13 and u?
13
Let b(q) = -93*q - 1. Let n be b(-1). Let h be (-1)/2 + 206/(-4). Let m = h + n. What is the greatest common factor of 5 and m?
5
Let u be (-4 + 1 + -1)*-2. Let j be (-1)/((-4)/(-136)) + 2. Let y = j - -56. Calculate the greatest common factor of y and u.
8
Let q be 21*2*2/4. Calculate the highest common factor of 7 and q.
7
Let c(z) = 2*z**2 + 5*z + 4. Let t be c(-5). Suppose -1 = -w - 3*j, 0*j - 3*j = 5*w - t. Suppose u + u - 56 = 0. What is the highest common divisor of u and w?
7
Suppose -5*g - 16 = -4*u + 3*u, u = -4*g + 25. What is the highest common divisor of 7 and u?
7
Let o(u) = u + 1. Let n(f) = -6*f - 3. Let g(y) = n(y) + 5*o(y). Let c be g(3). Let v be (c - -2)*12 + -1. Calculate the greatest common factor of v and 22.
11
Let r = 9 - 1. Suppose 12*c - 20 = r*c. Calculate the highest common divisor of c and 5.
5
Suppose -2*o - 57 = -5*o. Suppose 2*b + 2*b + n = 686, 3*b = -5*n + 523. What is the highest common divisor of b and o?
19
Suppose -2*w - 5*u + 40 = 0, 0 = -3*w + 2*w + 4*u + 7. Calculate the highest common factor of w and 135.
15
Let b = 15 - 6. Suppose 0 = -3*w + b. What is the greatest common divisor of 9 and w?
3
Let n be -9*1/(-3) - -3. Let z = 2 + 2. Calculate the greatest common factor of z and n.
2
Let f be -6*8*(-4 - (-22)/6). What is the greatest common factor of 12 and f?
4
Let b be (-1 - -3) + (19 - 0). Suppose 2*z + 36 = o + 4*z, -4*o + 156 = 4*z. Calculate the greatest common factor of b and o.
21
Suppose -55 = -j + h - 2*h, -2*h = -2*j + 94. Calculate the greatest common divisor of j and 34.
17
Suppose 5*x - 639 = -139. Let f = 19 - -1. Calculate the highest common factor of x and f.
20
Suppose 15 = 2*h + j + 2*j, -h + 3*j = -21. Calculate the highest common divisor of h and 84.
12
Let c = 7 - -3. What is the greatest common divisor of 1 and c?
1
Suppose -7*c = 4*u - 2*c - 57, 3*c - 23 = -u. Suppose -2*d - 5 + 27 = a, -3*d = -15. Calculate the highest common factor of a and u.
4
Let l = 34 - 24. Let b be (l/6)/((-4)/(-48)). Calculate the highest common factor of 10 and b.
10
Let i be (6/(-4))/((-24)/176). Calculate the greatest common factor of 22 and i.
11
Let j = -50 - -77. What is the highest common factor of 54 and j?
27
Suppose 2*k - 6*k + 3*h + 44 = 0, 0 = 5*k + 4*h - 55. Calculate the highest common factor of k and 1.
1
Suppose 0 = q + 5, -5*f + 9*q + 130 = 4*q. Suppose -x = -0 - f. Let a be 1*7*(0 + 1). What is the greatest common factor of a and x?
7
Let v = -138 + 306. What is the highest common factor of 24 and v?
24
Let x(v) = v**2 - 3*v - 13. Let p be x(6). Let o be (-1 - 4*-2) + -2. Calculate the greatest common divisor of p and o.
5
Let u(d) = 44*d + 3. Let w be u(2). Calculate the highest common divisor of w and 13.
13
Suppose 0*a - a = -154. Let u be 11*-3*(-9)/(27/2). What is the greatest common factor of u and a?
22
Let k = 30 + 17. Let h be 1*19*2/2. Let j = k - h. What is the highest common factor of 14 and j?
14
Suppose -4*c + 0*n + 5*n = -164, -88 = -2*c + 4*n. Suppose -5*k - 4*t = -72 + 8, 3*t = -5*k + 63. Calculate the highest common divisor of k and c.
12
Suppose h + 5*w + 20 = 0, 5*h + 4*w - 1 = 4. Suppose 0 = -h*x - 0*x + 60. What is the greatest common divisor of 18 and x?
6
Let w(h) be the second derivative of -h**5/20 + h**4/2 + 3*h**3/2 + 5*h**2 - h. Let m be w(7). Let j = 39 - m. Calculate the highest common factor of 10 and j.
5
Let o(m) = -m**2 - 9*m - 10. Let j be o(-9). Let h = -6 - j. Suppose h*n = 0, 3*i - 42 = -0*n - 2*n. Calculate the highest common divisor of i and 35.
7
Suppose 0 = -d + 2*o - 2 + 6, -5*d = 2*o - 32. Calculate the greatest common divisor of d and 54.
6
Let n(z) = -3*z. Let a(c) = -1. Let y(p) = -2*a(p) - n(p). Let f be ((-3)/3 + 0)/(2/(-12)). Let r be y(f). Calculate the greatest common fa